Let g(o) = -4*o**3 + o - 6. Let r(n) = 5*n**3 - n + 5. Let t(w) = -4*g(w) - 5*r(w). Let i be t(1). List the prime factors of (-12)/i*(-21)/(-14).
2
Let x(n) = -60*n + 4. What are the prime factors of x(-66)?
2, 991
Let j be ((-1044)/(-42))/(4/(-56)). Let l = -272 - j. List the prime factors of l.
2, 19
Suppose 0 = -51*s + 203 + 1. List the prime factors of (-18148)/39*-1*6/s.
2, 349
Let h = 20 - -159. Let q = -121 + h. List the prime factors of q.
2, 29
Let k(b) = -7*b + 208. Let c be k(30). What are the prime factors of (-168504)/(-180) - c/(-15)?
2, 3, 13
Suppose 76*f - 4*y = 81*f - 4527, -5*f - 5*y = -4530. List the prime factors of f.
3, 7, 43
What are the prime factors of (449375/1250)/((-35)/(-34) - 1)?
17, 719
Let m(s) = 127*s**3 - 3*s**2 + 3*s + 1. Let o be m(2). Suppose 3*r - o = -3*h - 0*h, -1691 = -5*r - 2*h. Let f = r + -233. List the prime factors of f.
2, 53
Let n be (7 - (-16083)/18)/((-1)/2). Let l = 3361 + n. What are the prime factors of l?
2, 3, 5, 13
Let s = 4 - 0. Suppose 5*j - 81 = -s*j. List the prime factors of -6 + j - (-57 - -1).
59
Let x(q) = -14*q - 92. Let d be x(10). What are the prime factors of d*(-8 + -2 + 4)?
2, 3, 29
Let r = 218 + -207. Suppose -3177 + 229 = -r*u. What are the prime factors of u?
2, 67
Let p(n) = -2 - 632*n + 631*n + 13. List the prime factors of p(-20).
31
Suppose 5*o + 36*z = 38*z + 270808, 5*o = 5*z + 270820. What are the prime factors of o?
2, 5, 677
Suppose 3*o = 3*a, -a - 4*o + 24 = o. Suppose -870 = 188*r - 198*r. Suppose 3*c + 2*f = 5*f + r, 4 = a*f. List the prime factors of c.
2, 3, 5
Let r(w) = 295*w + 1534. What are the prime factors of r(66)?
2, 59, 89
Let i be (-16)/(-3 + 7) - (1 - -108). Let p = i + 125. Suppose -6*h = p*h - 234. What are the prime factors of h?
13
Let m(t) = 26*t**3 - t + 1. Let s be m(1). Suppose s*u = 24*u - 4. List the prime factors of (-1593)/(-36) - u/(-8).
2, 11
Let w be (56/4)/(-7) + 7/1. Let v = 3 + -1. Suppose -5*s + 315 = 5*r, w*r - v*s = -s + 285. List the prime factors of r.
2, 29
Suppose -28*o + 162690 = 117*o. What are the prime factors of o?
2, 3, 11, 17
Let x(j) = -5*j - 12. Let m be x(-3). Suppose -2*h + m*a = -261, -7*a = -3*h - 10*a + 369. What are the prime factors of h?
2, 3, 7
Suppose -3*s + a = 2, -8*s + 7*s + 6 = 3*a. Suppose y + 3*c - 112 = s, -8*y + 5*c = -4*y - 482. Suppose y = 5*d - 3*d. What are the prime factors of d?
59
Let n(d) = d - 22. Suppose 3*r = 2*s - 6, 5*s = 6*r - 8*r + 15. Let u be n(r). List the prime factors of 89/(((-2)/4)/(11/u)).
89
Suppose -2*q + 2*o = -18, -o + 0 = q + 1. Suppose 2*g + 6*x + 46 = 4*x, 2*g + 50 = -3*x. Let t = q - g. List the prime factors of t.
23
Let f(l) = 167*l**2 - 2*l - 1. Let k be f(-2). Suppose -2*m + 85 = -k. What are the prime factors of m?
2, 3, 7
Let r = -9 - -14. Suppose -r*w + 352 = -3*w. Suppose -3*u + w = 4*d, -5*d + 0*d = -3*u - 247. List the prime factors of d.
47
Suppose -9*o - 5*o + 295799 + 125405 = 0. What are the prime factors of o?
2, 7, 307
Let c be 1535/80*-854 - (-1)/8. List the prime factors of 1/(-5) + c/(-30).
2, 3, 7, 13
Suppose 121*w - 12740 = -139*w. Let g = 64 - 2. Let d = g + w. What are the prime factors of d?
3, 37
Suppose -12*y + 890 = -17*y. Let o = 260 - y. Suppose 157 + o = 5*p. List the prime factors of p.
7, 17
Let p = -31686 - -61217. What are the prime factors of p?
29531
Let r(g) = g**3 + 13*g**2 - 2*g - 22. Let j be r(-13). Suppose -n = 3, -4*b + 6*b - 202 = j*n. What are the prime factors of b?
5, 19
Suppose -22*a - 661 - 263 = 0. List the prime factors of (4248/a)/(24/(-84)).
2, 3, 59
Suppose 0*g = -19*g - 21*g + 454720. What are the prime factors of g?
2, 7, 29
Let k(j) = -49*j + 4 + 0 + 4*j**2 + 57*j - 3*j**2. Let w be k(-8). Suppose -w*x + 92 = -0*x. List the prime factors of x.
23
Suppose 35742 = -206*m + 212*m. List the prime factors of m.
7, 23, 37
Let n = -63 - -68. Suppose 0 = 2*o + 3*i - 471, 3*i - n*i - 713 = -3*o. What are the prime factors of o?
3, 79
Let n = -361 + 350. List the prime factors of n/(6 - (-152)/(-24)).
3, 11
Suppose 2 = -r + 5. Suppose 0 = -l + 2*p + 38, -5*l - r*p = -0*p - 229. Let w = 277 - l. List the prime factors of w.
233
Suppose 5*l + 4*d + 799 - 3332 = 0, 3*d - 2026 = -4*l. Suppose q - 128 = -3*m + 175, 3*q = 5*m - l. What are the prime factors of m?
101
Let y(j) = -3*j + 3. Let l be y(1). Suppose h = -l + 3, -h - 69 = 3*w. What are the prime factors of (-108)/w + (-3 + 2)/(-2)?
5
Suppose -8*a = -2*a. Suppose a = 14*j - 251 - 463. Suppose 48*z = j*z - 24. List the prime factors of z.
2
Suppose 0 = l - 3*w - 3, 0 = -2*w - 5 + 11. Let y = 128 - l. What are the prime factors of y?
2, 29
Suppose 3*w - 14383 = -4*x, -w = 4*x - 3*x - 3595. Suppose -33*n = -26*n - x. What are the prime factors of n?
2, 257
Let k = 148 - 145. What are the prime factors of (1508/(k + -7))/(6/(-6))?
13, 29
What are the prime factors of 20/((-50)/(-966060)*9)?
2, 3, 1789
Let q(z) = -1422*z + 51449. List the prime factors of q(0).
51449
Let x = -257 - -241. Let y(q) = -2*q - q + 16 + 6. What are the prime factors of y(x)?
2, 5, 7
Let v be ((-1)/((-14)/288))/(4/(-5362)). List the prime factors of 2/10 + v/(-120).
2, 5, 23
Let c = -10956 + 19744. What are the prime factors of c?
2, 13
Let d = 453 - -7770. What are the prime factors of d?
3, 2741
Suppose -2*c = -4, 0*i - 5*c = 5*i - 3355. Let z = 1125 - i. List the prime factors of z.
2, 3, 19
Let h = -202 + 190. Let d = 10 + -3. What are the prime factors of 852/d - h/42?
2, 61
Suppose 0 = 2*b - 3*k - 488, -5*b + 0*b - 2*k = -1201. Let z = 1917 - 1564. Let a = z - b. List the prime factors of a.
2, 7
Let r(a) = -a**3 + 105*a**2 - 208*a + 92. Let y be r(103). Let t be 217 + (1 - (-2)/(-2)). Let g = y + t. What are the prime factors of g?
103
Suppose -b = 3*w - 2028 - 38788, b - 40808 = 5*w. List the prime factors of b.
40813
Let v = 630 + -123. Suppose -7*w - v = 88. What are the prime factors of (-2)/16*-4*-2 - w?
2, 3, 7
Let n(i) = 3*i + 39. Let s be n(-11). Suppose -s*m - 9 = 3*m. List the prime factors of 1*(m + -2) + 44.
41
Let m(y) = -56*y**3 - 2*y**2 - 3*y - 8. Suppose 4*b = -f + 4*f - 5, -13 = 4*b + 5*f. What are the prime factors of m(b)?
2, 3, 73
Suppose 7249 = 2*v - b, -v + 3647 = -6*b + b. What are the prime factors of v?
2, 1811
Let t = 4848 + -593. Suppose -19*a = -t - 1198. What are the prime factors of a?
7, 41
Suppose 6404 = 18*x + 1094. Let l = x - 150. List the prime factors of l.
5, 29
Let i = 22054 - 8354. List the prime factors of i.
2, 5, 137
Suppose -6*k + 40 = -2*k. Let r(c) = c**3 - 7*c**2 - 13*c - 21. List the prime factors of r(k).
149
Suppose 474 + 941 = -5*g. Let x = 991 + g. Suppose k - x = -5*k. List the prime factors of k.
2, 59
Suppose 15*i - 19*i = -16. Let c(f) = f**3 - 3*f**2 + 4*f + 5. Let n be c(i). Suppose -343 = -5*t + n. List the prime factors of t.
2, 19
Let f = 121099 - 68230. What are the prime factors of f?
3, 17623
Suppose 0 = 143*d - 4514335 - 3572494 - 385063. What are the prime factors of d?
2, 3, 4937
Suppose 16*o - 381007 + 108447 = -0*o. List the prime factors of o.
5, 3407
Let x = 1220 - 347. Suppose x = 2*c + d - 4*d, -2*d = -2*c + 874. What are the prime factors of c?
2, 3, 73
Suppose 15*n + 4*x = 12*n + 529, -3*x - 198 = -n. Suppose n - 731 = -4*m. What are the prime factors of m?
137
Suppose 53*g - 124131 = 213320. List the prime factors of g.
6367
Let m = -45 + 85. Let q be 250/m + 2/(-8). Suppose 148 = 10*r - q*r. List the prime factors of r.
37
Let l = -74 - -157. Suppose -8*i + l = -37. Suppose 0 = i*v - 19*v + 32. What are the prime factors of v?
2
Suppose 35*h - 33*h = 6. Suppose 3*z + 0*g - 7 = g, 0 = 2*z - h*g. Suppose 3*p - 315 = 2*b, -3 = z*b - 4*b. What are the prime factors of p?
107
Suppose -101*j + 5234507 = 1538715. What are the prime factors of j?
2, 2287
Suppose -126 = -12*z + 5*z. Let a be z*(-10)/(-15)*1. Suppose a*o + 212 = 3260. List the prime factors of o.
2, 127
What are the prime factors of 7662/1*(9/(-180) + (-301)/(-420))?
2, 1277
Suppose 4*x + c = 82 + 111, -4*x = 5*c - 197. What are the prime factors of 5348/2*-12*(-2)/x?
7, 191
Suppose -163*y + 185*y = 293744. What are the prime factors of y?
2, 1669
Let a(m) = -m**3 + 12*m**2 + 4. Let k be a(12). Suppose 2364 = 5*u - 3*g, 3*u - 1904 = -u - k*g. List the 